
In base 10, what is 3 - -47307?
47310
In base 3, what is 1121100 + 11112?
1202212
In base 9, what is 156 + -417?
-251
In base 15, what is 13b774 + 5?
13b779
In base 5, what is 10044 + -131?
4413
In base 10, what is 2192 + -333?
1859
In base 10, what is -10 - -1790?
1780
In base 4, what is 2 - 101233011?
-101233003
In base 2, what is -1011111 - -11111101?
10011110
In base 6, what is 33 + -355515?
-355442
In base 7, what is 20 + -415163?
-415143
In base 5, what is 4200 - 1340?
2310
In base 5, what is -10 - 4043100?
-4043110
In base 11, what is 6367 + 64?
6420
In base 3, what is 1 + 1002001011100?
1002001011101
In base 16, what is 9788 + -5?
9783
In base 7, what is -1 - -651243?
651242
In base 3, what is 20221112 - -11?
20221200
In base 11, what is 1062 - 12?
1050
In base 7, what is 10423 + 3025?
13451
In base 4, what is 10 - 31230?
-31220
In base 16, what is 5b + -c3d5?
-c37a
In base 10, what is 3109170 + -2?
3109168
In base 16, what is a2d + -9c?
991
In base 9, what is 1 - 47160?
-47158
In base 9, what is 17 + -8055?
-8037
In base 6, what is 114 - 12004?
-11450
In base 3, what is -1121102221 + -11?
-1121110002
In base 13, what is b5 + 103a?
1122
In base 10, what is 491 - -12?
503
In base 7, what is 1123 - -2561?
4014
In base 8, what is 135 - 3274?
-3137
In base 12, what is 81 - 6?
77
In base 2, what is -11010110100101001 + -100?
-11010110100101101
In base 6, what is 100224 + -5?
100215
In base 6, what is 341425 - -10?
341435
In base 10, what is 23 + 3238?
3261
In base 7, what is 0 - 1636333?
-1636333
In base 14, what is -c082 - 4?
-c086
In base 3, what is -2 - -11201112200?
11201112121
In base 15, what is -91b + -426?
-d42
In base 11, what is -566 - 9a2?
-1458
In base 5, what is 1 - 344020?
-344014
In base 3, what is 112122111 - -12?
112122200
In base 11, what is 2a393 + 7?
2a39a
In base 3, what is 112100112 + 11?
112100200
In base 15, what is -19380 + -19?
-19399
In base 7, what is -1253 + 124?
-1126
In base 11, what is 9a01a + 1?
9a020
In base 16, what is 65 + 160f?
1674
In base 6, what is -132121452 - -4?
-132121444
In base 8, what is 10621 + -447?
10152
In base 7, what is -2 - -332066?
332064
In base 8, what is -1177367 - -2?
-1177365
In base 11, what is 54 + 1010?
1064
In base 16, what is 124edd + 5?
124ee2
In base 9, what is 547 + 13?
561
In base 4, what is -3 - -1313222221?
1313222212
In base 14, what is 29cb - 4?
29c7
In base 6, what is -134 + 215241?
215103
In base 11, what is 123863 + -1?
123862
In base 9, what is 140588 + -5?
140583
In base 12, what is -2bb - 66?
-365
In base 12, what is 2 + 19218?
1921a
In base 6, what is -14 + -144511?
-144525
In base 6, what is 13411 + -104?
13303
In base 15, what is 2 - -c8111?
c8113
In base 9, what is 3 + -722701?
-722687
In base 3, what is 100 - 100120202210?
-100120202110
In base 4, what is 220 + -3133023?
-3132203
In base 7, what is 5524015 - 4?
5524011
In base 16, what is 21 + -1a1e?
-19fd
In base 12, what is 106 - -45?
14b
In base 16, what is -6bf9 - -28?
-6bd1
In base 4, what is 331 - -111?
1102
In base 9, what is -86025 - 3?
-86028
In base 3, what is -11020112011110 - 2?
-11020112011112
In base 15, what is 9e + -46?
58
In base 14, what is -4 + -3449?
-344d
In base 12, what is -4 - 13411?
-13415
In base 5, what is -103 - -1023000?
1022342
In base 8, what is 3 + -104657?
-104654
In base 7, what is -20 - -1132?
1112
In base 5, what is -2214341 + -10?
-2214401
In base 4, what is -210 - 12021?
-12231
In base 15, what is -c2 - -33?
-8e
In base 15, what is -8 + 953?
94a
In base 3, what is -110 + -11102120121?
-11102121001
In base 7, what is -142131 - -15?
-142113
In base 15, what is 9 - e249?
-e240
In base 12, what is -34b67 - -19?
-34b4a
In base 16, what is 15 + -4b7?
-4a2
In base 15, what is 0 - -2905?
2905
In base 4, what is -1222012 - -231?
-1221121
In base 10, what is 2878 - 19?
2859
In base 12, what is b8 + 104?
200
In base 5, what is 130312 - 222?
130040
In base 14, what is -4 + -7111?
-7115
In base 15, what is 32a82e - 4?
32a82a
In base 11, what is 20 - 880?
-860
In base 4, what is -200121 + -301?
-201022
In base 13, what is -182 + 12?
-170
In base 16, what is -7 - 3cce?
-3cd5
In base 9, what is 1710 + 42?
1752
In base 14, what is 145b2 + -1?
145b1
In base 11, what is 1966 + 2?
1968
In base 3, what is -211122 - 110212?
-1022111
In base 4, what is -132333022 + 0?
-132333022
In base 11, what is -8 + 8878?
8870
In base 13, what is 32c + -3539?
-320a
In base 6, what is -500 - -4?
-452
In base 2, what is 10 + 111010100000?
111010100010
In base 6, what is -5 + -23112315?
-23112324
In base 11, what is -55 - -8aa0?
8a46
In base 6, what is 1301 - -1133?
2434
In base 10, what is -58 + 10006?
9948
In base 15, what is -4a - -969?
91e
In base 7, what is -443 + -16200?
-16643
In base 15, what is -5 + -c24e7?
-c24ec
In base 3, what is 2022012121 - 21?
2022012100
In base 10, what is 4 - -13155?
13159
In base 5, what is 10 + 22221414?
22221424
In base 3, what is 1 - -21111100?
21111101
In base 15, what is 814 - -ac?
8c1
In base 11, what is 21 + 10891?
10902
In base 3, what is -2002221011 - -12?
-2002220222
In base 2, what is 1011010000010011 + -1010?
1011010000001001
In base 16, what is -6 - 2f1e?
-2f24
In base 6, what is 10455 + 1015?
11514
In base 3, what is -22222012 + -122?
-22222211
In base 15, what is 51cc + 55?
5232
In base 5, what is -342013 - 102?
-342120
In base 2, what is 1000110110101 + 110?
1000110111011
In base 7, what is 22116 - 23?
22063
In base 4, what is 321 - -3312?
10233
In base 10, what is 36485 - 13?
36472
In base 6, what is -2200 - -413?
-1343
In base 5, what is -44403 - 32?
-44440
In base 7, what is 4 + 605040?
605044
In base 6, what is -4550 + 113?
-4433
In base 16, what is 22 + -1a2e?
-1a0c
In base 15, what is -5 + c3ad?
c3a8
In base 8, what is -1 + -67740?
-67741
In base 16, what is c8f8 - d?
c8eb
In base 12, what is a53 - 94?
97b
In base 11, what is 1 + -2800?
-27aa
In base 11, what is 9 + 9159?
9167
In base 2, what is 0 - 110110101110100010?
-110110101110100010
In base 11, what is -1374 + 43?
-1331
In base 8, what is -422030 - -2?
-422026
In base 6, what is 53442022 + 2?
53442024
In base 8, what is -427 - -25?
-402
In base 10, what is 35 - 316?
-281
In base 5, what is 2331 + 32144?
40030
In base 7, what is -621060 + 3?
-621054
In base 2, what is 10101011001 + 100110?
10101111111
In base 4, what is 200011 - -31?
200102
In base 6, what is -414 - -11?
-403
In base 16, what is 2691b + -1?
2691a
In base 2, what is 111101010011011 + -1?
111101010011010
In base 4, what is 2131 - -2220131?
2222322
In base 11, what is -3955 - -a?
-3946
In base 2, what is 10000110 + 101010101011?
101100110001
In base 9, what is -4842 + -4?
-4846
In base 4, what is 110021 + -21?
110000
In base 11, what is 72 - 86a8?
-8636
In base 12, what is -2775 - -344?
-2431
In base 10, what is 23 + -228726?
-228703
In base 8, what is 2 - 113025?
-113023
In base 7, what is -1 + -645212?
-645213
In base 13, what is -19 + 2cb5?
2c99
In base 14, what is 46517 + -16?
46501
In base 9, what is 106 + 47?
154
In base 15, what is -4b1 + 10c5?
b14
In base 2, what is -111101011100110 + -100?
-111101011101010
In base 8, what is -10365 + 25?
-10340
In base 4, what is 101301 + -21?
101220
In base 10, what is 7183 - 197?
6986
In base 8, what is -1770503 + -10?
-1770513
In base 9, what is 16612 + -65?
16536
In base 8, what is 20174 - -67?
20263
In base 2, what is 10100111001 - 1111100010?
101010111
In base 10, what is -415 + -6?
-421
In base 2, what is 11011001 - 11111?
10111010
In base 16, what is -2 - 1418b?
-1418d
In base 11, what is 91a6 + -10?
9196
In base 13, what is 372a - 3?
3727
In base 7, what is -3552 - -121?
-3431
In base 2, what is -10111101111101 - -1011100?
-10111100100001
In base 9, what is 12 + -786332?
-786320
In base 9, what is -1 + -41127?
-41128
In base 10, what is 63222 + 3?
63225
In base 3, what is 10 - -1002221120?
1002221200
In base 8, what is 1 - 2634430?
-2634427
In base 14, what is -92b + -569?
-1096
In base 14, what is -198 + 172a?
1572
In base 8, what is -5 - 2122?
-2127
In base 2, what is 11111 + 1000?
100111
In base 6, what is -5 + -1412302?
-1412311
In base 2, what is 101 - -11001110011111?
11001110100100
In base 14, what is 49 - -1c?
67
In base 11, what is 5 - -1070?
1075
In base 12, what is -